= 0. Suppose l*h = h + g. What is the greatest common factor of h and 45?
15
Let q = -2 + 16. Let f be -3 + 2 + q + 0. What is the highest common factor of f and 13?
13
Suppose -g = 5*m - 93, 0 = -5*g - 2*m - 212 + 562. Calculate the highest common divisor of g and 51.
17
Suppose -31 = -4*m - 3*c, -3*c - 11 = -2*m - 0*c. Suppose -2*x - 8 = 0, -5*x - 123 = -u - 40. What is the highest common divisor of u and m?
7
Let w be (-712)/(-6) + (-2)/(-6). Let p be 18/((-3)/5 + 1). Let n = p + -28. What is the highest common factor of w and n?
17
Let r(h) = h - 2. Let u be r(3). Let v = 6 + -11. Let t = v - -6. What is the highest common factor of u and t?
1
Let p be 4/(((-3)/(-22))/3). Let q be 3*22/(-12)*-2. Calculate the greatest common divisor of p and q.
11
Suppose -s - 6*x = -3*x - 6, 0 = 2*s + x - 22. What is the greatest common factor of s and 84?
12
Let m be 140/(-98)*1*-7. Let k be 2/(-7) - (-492)/7. What is the highest common factor of m and k?
10
Suppose -c + 43 = n - 5*n, -4*n + 11 = c. Suppose 0 = -8*t + 7*t + 9. What is the highest common divisor of t and c?
9
Let d(l) = -l**2 - l + 1. Let i be 1 + (0 - 0/(-2)). Let t be d(i). Let r be (-243)/(-6) + t/2. Calculate the highest common factor of r and 8.
8
Let o(j) = j**2 - 19*j + 76. Let i be o(18). What is the greatest common factor of 29 and i?
29
Let i be 62/6 + 6/(-18). Let a be (4/6)/(4/12). Calculate the highest common factor of a and i.
2
Suppose -5*b = -f - b + 12, 0 = -2*f + 3*b + 39. Let r(j) = j**3 - j**2 - 5*j + 3. Let k be r(3). What is the highest common divisor of f and k?
6
Suppose 8*d = -1292 + 1380. Let u be -2*(-22)/(-4)*-1. Calculate the highest common factor of u and d.
11
Let y be ((-15)/2)/(1/(-4)). Calculate the highest common divisor of 60 and y.
30
Suppose 4*w = -5*k - 5, 2*w - 4*w - 3*k = 3. Let b = w - -6. What is the highest common factor of b and 18?
6
Let n be (2/(-3))/((-14)/336). What is the greatest common factor of n and 32?
16
Let p(c) be the third derivative of -c**6/120 - c**5/30 + c**3/3 - 2*c**2. Let f be p(-3). What is the greatest common factor of f and 22?
11
Let f be 13/((4/(-2))/(-8)). Let d = 71 + -58. What is the highest common divisor of d and f?
13
Let z(s) = s**3 - 9*s**2 - 11*s + 15. Let h be z(10). Suppose 5*l + m - 159 = -35, 108 = h*l - 3*m. Calculate the highest common factor of l and 12.
12
Let a(m) = -4*m. Let k(b) = 7*b. Let z(j) = 5*a(j) + 2*k(j). Let f be z(-3). Let c(l) = 3*l - 6. Let v be c(6). What is the greatest common factor of v and f?
6
Suppose -2*j + 2 = -0*j. Let i be j + 1 + -2 + 26. Let p = 6 + 59. Calculate the greatest common factor of i and p.
13
Let p be (-38)/(-4) - (-48)/32. Calculate the highest common factor of p and 11.
11
Let b(m) = -4*m + 1. Let n be b(-2). What is the greatest common factor of 27 and n?
9
Suppose 7*r = 3*v + 3*r - 56, 7 = v + r. Suppose 2*h = 473 - 7. Suppose 2*o = -65 + h. Calculate the greatest common factor of o and v.
12
Let k(u) = -10*u + 1. Let c be k(1). Let d = c - 2. Let b = d + 23. Calculate the greatest common divisor of 108 and b.
12
Suppose -4*q + 50 = 2*k, -9*k = -7*k + 5*q - 48. Calculate the highest common divisor of 464 and k.
29
Let d(z) = -19*z - 5. Let h be d(-1). Calculate the highest common factor of h and 56.
14
Let q = 116 - 82. Let f = q + -22. Let i be f/3 + (-4 - -2). What is the greatest common factor of i and 6?
2
Suppose -11 = -k + 40. Suppose -9 = 3*f - k. Let m(j) = 27*j**2 + j + 2. Let q be m(2). Calculate the greatest common divisor of q and f.
14
Suppose -5 = -4*o - 1. Suppose o + 7 = 4*g. Calculate the greatest common divisor of g and 22.
2
Let n(p) = p**2 - 2*p - 10. Let h be n(7). Suppose 5*q = -3*z + 10, z + 6 = 3*q - 14. What is the greatest common factor of q and h?
5
Suppose l + 16 = r - 52, r = -l + 76. What is the highest common divisor of r and 18?
18
Suppose -13 = -4*o - 1. Let s be (2 + -5)/(o/2). Let u be 26/((-2 - s) + 2). What is the greatest common divisor of 104 and u?
13
Let l = -196 - -564. Suppose -9*t + 7*t + l = 0. Calculate the highest common factor of t and 23.
23
Let t = 1 - -1. Suppose -5*y + 204 = 4*n, -7*y + 36 = n - t*y. What is the highest common divisor of 7 and n?
7
Let u be (8/(-20))/((-1)/365). Let x(a) = -21*a + 2. Let d be x(-4). Let r = u - d. Calculate the highest common factor of 24 and r.
12
Let a be (-2)/3*(-528)/2. Suppose -2*v = -0*v - a. What is the greatest common factor of v and 8?
8
Suppose v + 3*v - 240 = 0. Suppose 6*s - 4*s - 5*a = 4, -s - a = -16. Calculate the greatest common factor of s and v.
12
Suppose -2*a = -8, -36 = f - 6*f - 4*a. Suppose f*h - 20 = -h. Suppose -h*z + 76 = -4*p, -4*p - 2 = -z + 14. What is the highest common factor of 20 and z?
20
Let z be -3*(-6 + 1) + -2. Let k(d) = -8*d. Let n be k(3). Let f = n + 63. What is the greatest common divisor of z and f?
13
Let u(w) = -2 + w**3 - 4*w**2 + 2*w - 2*w - 3*w + 6*w. Let h be u(4). Let a = -13 + 73. What is the greatest common divisor of h and a?
10
Suppose p + 0 = 29. Let v = -18 + p. What is the greatest common factor of v and 33?
11
Let y be 218/9 + -7 - (-4)/(-18). Let m = -63 + 216. Calculate the greatest common factor of y and m.
17
Let y(m) = m**2 - 8*m + 17. Let v be y(8). What is the greatest common divisor of 170 and v?
17
Suppose 4*b - 9 = 19. Let x = 5 + b. Suppose -c = -8 - x. What is the greatest common factor of 5 and c?
5
Let d(z) = z + 19. Let i be d(17). Calculate the highest common divisor of i and 252.
36
Let u(r) = -r**2 + 6*r + 3. Let n be u(6). Let q be 159/(-18) - (-2)/(-12). Let a be (-63)/q*18/7. Calculate the highest common factor of n and a.
3
Let m be (2 - 12/15)/((-6)/(-40)). What is the greatest common divisor of 32 and m?
8
Let t = -64 - -298. What is the greatest common factor of t and 52?
26
Let c be (-36)/(-1) + (3 - -1). Calculate the greatest common factor of 16 and c.
8
Let g = -47 + 91. What is the greatest common divisor of 66 and g?
22
Suppose 4*c + 148 = -2*g + 6*g, -52 = -g - 4*c. What is the highest common factor of g and 16?
8
Let t be (140/50)/(1/30). Suppose 2*b = 5*n - t - 60, 0 = -3*n + 3*b + 90. What is the highest common divisor of n and 14?
14
Suppose -3*l = -22 + 1. Let a(r) = r**2 - 4*r - 6. Let i be a(l). Calculate the greatest common factor of i and 3.
3
Let k(x) = 2*x + 57. Let n be k(-17). Calculate the greatest common divisor of n and 23.
23
Let k(f) = -5*f + 11. Let y(c) = 2*c - 6. Let u(b) = -3*k(b) - 7*y(b). Let m be u(8). What is the highest common divisor of m and 187?
17
Let h(x) = 25*x**2 + 5*x. Let c be h(-3). What is the greatest common factor of c and 30?
30
Let n(f) = -2*f + 51. Let q be n(0). What is the greatest common divisor of q and 34?
17
Let m(l) = -8*l + 1. Let n be m(-2). Suppose 3*r + 4*w = n, 2*r + 5*w - 35 = -3*r. Let u = r + 70. What is the greatest common divisor of 9 and u?
9
Suppose 54 + 21 = 3*s. Suppose -2*n + 110 = 10. What is the greatest common factor of s and n?
25
Suppose -26 = -3*l + 4. Suppose 3*d + l = 40. Calculate the highest common divisor of 40 and d.
10
Suppose -4*u + 6 = 2*g, 4*u - 4*g = 40 - 4. What is the highest common divisor of u and 44?
4
Suppose -5*f + 525 = -2*a, -3*f - 5*a = -0*f - 315. Suppose -3*u + u = 38. Let s = u - -34. Calculate the greatest common factor of s and f.
15
Let u be 8*((-12)/4 - -5). Calculate the greatest common divisor of 112 and u.
16
Let t(y) = y**3 + y**2 - 2*y - 1. Let d be t(-1). Let u = 41 - 34. What is the greatest common factor of d and u?
1
Let c be (-1 - 1)*(-4 + 9). Let w = c - 3. Let m be (-8)/52 + (-197)/w. What is the highest common divisor of m and 150?
15
Suppose -6 = -3*b + 12. Suppose b*a - 10 = -3*s + 4*a, -2*s + 5*a = 6. What is the greatest common divisor of s and 22?
2
Let v = -6 - 2. Let m be (-2)/v + (-78)/(-8). Suppose 0 = -4*w - 2*o + 14, 4*w + o - 5 = 10. Calculate the highest common factor of w and m.
2
Let a = 2 - 9. Let x(g) = g**2 + g - 1 - 6 + 0*g**2 + g. Let h be x(a). What is the greatest common factor of h and 14?
14
Let c(u) = 3*u - 4. Let f be c(6). Let h(p) = p + 1. Let b be h(-6). Let k(a) = a**2 + a + 1. Let y be k(b). What is the highest common factor of y and f?
7
Let o = 39 - -11. Calculate the highest common divisor of o and 125.
25
Suppose 4*j - 4 = -2*k + 2*j, 5*